w + h*o + 93 = 0. Is w composite?
False
Let r be -179*(2 - (-2 - -3)). Let g = r + 538. Is g composite?
False
Let d(p) = 14*p**2 + 7*p + 25. Let s = -71 - -65. Is d(s) prime?
True
Suppose -4*g = -10*g + 102. Suppose 2*y - g - 11 = 0. Is y prime?
False
Let k(t) = -90*t - 6. Let d(v) = 90*v + 7. Let c(j) = -3*d(j) - 4*k(j). Let i be c(3). Suppose -5*w - i = -978. Is w composite?
True
Suppose 0 = -s - 5 + 2. Is (59/s)/(2 - 134/66) a prime number?
False
Suppose 3*o + 2 - 11 = j, 0 = j. Suppose 6*r - o*r - 195 = 0. Is r prime?
False
Suppose -l = 93 - 1744. Suppose 4*a + 59 = l. Is a/3*(-15)/(-10) a prime number?
True
Is 1399/((-5 + 7)/2) composite?
False
Suppose c - 2 - 2 = 0. Suppose o = c*o + 5436. Let v = -1259 - o. Is v a composite number?
True
Let d be 2/((-5)/((-5)/1)). Suppose 2*x - 507 = -3*w, 1233 = 5*x - 6*w + d*w. Is x a prime number?
False
Let j(x) = 1672*x + 65. Is j(7) composite?
True
Let u be (13 - 9) + (-2 - -12). Suppose -3*v - 3*w = -18, -3*v + u = -2*w + w. Suppose 1 - 371 = -v*z. Is z a prime number?
False
Suppose k + 7*m = 8*m + 2239, -m = k - 2247. Is k prime?
True
Suppose 0 = -5*h + 5*r - 2*r + 14630, -h + 5*r + 2926 = 0. Suppose -9*s = -4*s + 3*x - h, -4*x = -3*s + 1773. Is s prime?
True
Let g(k) = k**3 - k**2 - k + 55. Let l be 98/35 - 2/(-10). Suppose 2*n = l*n. Is g(n) a composite number?
True
Let l(g) = 16*g**2 + 3*g**2 - 3*g**2 + 11 + 10*g. Is l(8) prime?
False
Let h be (2/3)/(6/27). Suppose -h*n = -2*n - 561. Suppose 2*j = 5*j - n. Is j a composite number?
True
Let p = -20 - -249. Let m = -88 + p. Is m composite?
True
Is (-14)/(14/9) - -4258 prime?
False
Let y = -9 + 19. Suppose y*z + 968 = 18*z. Is z a composite number?
True
Let j(v) = -v**3 + 16*v**2 + 17*v + 15. Suppose -39 = 21*m - 24*m. Is j(m) prime?
True
Suppose 9*u = 54678 + 20913. Is u prime?
False
Suppose -3*x + 26 - 14 = 0. Suppose -x*h + 27 = -0*f + 3*f, 0 = -5*f - 4*h + 45. Is f prime?
False
Suppose -64 = -8*t - 16. Suppose 3*m = t*m - 261. Is m composite?
True
Is 9*15/75*9290/6 composite?
True
Suppose 4*n = 344 - 2160. Let c = n + 995. Is c a composite number?
False
Let p = 65 + -67. Is (-127)/(-4)*p*-2 prime?
True
Let l(m) = -620*m**3 + 2*m**2 + 2*m. Let f be l(-1). Let q = -313 + f. Is q prime?
True
Suppose -6*t + 3*t + 9 = 0. Suppose 4*w - t*h - 11387 = 0, 4*h = -2 - 2. Is w composite?
True
Suppose w + 4*q - 1199 = 0, -8*w + 11*w + 3*q - 3624 = 0. Is w a prime number?
False
Let b be 2/(-10) + 356/(-20). Let a be (-5)/(105/b)*7. Suppose -a*v - 74 + 332 = 0. Is v composite?
False
Let k(w) = -w + 10. Let d be k(7). Let t = d + 5. Suppose -t = -5*x + 2*r + 111, x - 29 = 3*r. Is x composite?
False
Let n = 27931 + -18420. Is n prime?
True
Let d(o) = -o**3 + 16*o**2 - 2*o + 18. Let v be d(13). Let n = 4026 - v. Is n a composite number?
False
Let x = 139 - 145. Suppose 9 = -o - 94. Let m = x - o. Is m composite?
False
Let p = -7840 + 18185. Is p a prime number?
False
Suppose c + 4*j = 1693, -934 + 4296 = 2*c - 4*j. Is c composite?
True
Suppose 2*j - 75 + 33 = 0. Let f be 46/10 + j/(-35). Is f/14 + (-408)/(-42) a composite number?
True
Suppose 0 = 3*a + 7 + 5. Let d(m) = -3*m**3 - 9*m**2 + 15*m - 1. Let q(i) = 2*i**3 + 10*i**2 - 14*i + 1. Let s(j) = a*d(j) - 5*q(j). Is s(9) prime?
False
Let i = 10 - 11. Let u be (0 - i) + 7 + -1. Let m(h) = h**3 + 7*h**2 - 7*h - 2. Is m(u) a composite number?
True
Let g = -11618 + 17427. Is g prime?
False
Let y = -263 + 265. Suppose 5*j - 49 = -4*n, -5*n + 59 = 4*j - 0*j. Suppose -46 = -3*w + b - n, y*w - 25 = b. Is w composite?
True
Let t be (-1 + 0 - 1503/3) + 3. Let h = t + 998. Is h prime?
True
Let r = 27205 - 14040. Is r prime?
False
Suppose -43*s + 68585 = 12*s. Is s composite?
True
Is (-32 + 8)/3 + 6165 a prime number?
False
Let c(a) = -2*a**3 - 5*a**2 - 18*a - 147. Is c(-16) a composite number?
True
Suppose -2*k + 15 = 5*b - 0*k, 0 = -b + 5*k + 3. Suppose 2*o + b*m = 194, -o - 41 = -4*m - 160. Is o prime?
True
Let x(k) = 579*k**2 - 5*k + 11. Is x(3) prime?
False
Let r = 151 - 75. Let h = r - 38. Is h composite?
True
Suppose -4*t - 15 = -5*u, -t - 18 = 3*u + 2*t. Is (u - 64/(-12))/(1/111) prime?
False
Suppose -29165 = -2*v - 3*v + f, -2*f = v - 5833. Is v a composite number?
True
Let b be 74/26 - 2/(-13). Is 290/b - (-1)/3 composite?
False
Let r(i) be the second derivative of i**5/10 - 7*i**4/6 - 4*i**3/3 + 31*i**2/2 + 2*i. Is r(11) a prime number?
True
Let s(k) = -k**3 - 3*k**2 + 3*k + 1. Let v be s(-4). Suppose -4*c - 9 = -v*f, -f + 5*c - 4*c = -1. Is (-1)/f - 1164/(-20) a prime number?
False
Suppose 6*r - 660 = -4*r. Suppose -4*f = -r - 282. Is f composite?
True
Let i be 12/10 + 1/(-5) - 1. Let o(p) = p**3 + 2*p + 83. Is o(i) prime?
True
Suppose -2*z + 5*i = -14897, 14891 = 3*z + 3*i - 7465. Is z prime?
True
Let m be (-5)/(3*1/(-129)). Let z = m + 92. Is z a prime number?
True
Let h(b) = -20*b**2 + 8*b - 21. Let m be h(9). Suppose -4*l + w = -2*w - 57, -5*w - 63 = -4*l. Is (-4)/(-16) - m/l prime?
True
Let o(b) = -b - 7. Let c be o(-12). Suppose c*p = -2*z - 21, 2*p + 20 = 3*z + 4. Suppose -5*m = 5*s - 170, -7*s + m = -z*s - 164. Is s prime?
False
Suppose q + 199 = -5*x, -q - 17 = x + 22. Let u be 2/(-4) - x/16. Suppose 3*d - 1265 = -u*d. Is d a composite number?
True
Let t = 24 - 9. Is ((-188)/(-12))/(1/t) a composite number?
True
Suppose 27*t = 18*t + 155457. Is t a composite number?
True
Suppose r + 5*m + 15319 = 5*r, m - 1 = 0. Is r a composite number?
True
Let g(n) = n**3 + 7*n**2 - 5*n + 8. Let h(x) = -x**3 - 12*x**2 + 12*x - 1. Let p be h(-13). Let i = -19 + p. Is g(i) composite?
False
Suppose -4*r + 3*u + 16028 = 0, 0 = -u + 4*u. Is r a prime number?
True
Suppose -2*z = 4*i - 24, 25 = 3*i + 7*z - 2*z. Suppose -i*f = 513 - 2548. Is f prime?
False
Let v = -940 + 1861. Is v a composite number?
True
Let m be (-12)/120 + 198/(-20). Let v(w) = 12*w**2 - 6*w - 34. Is v(m) composite?
True
Let g = 1 + 4. Suppose -g - 3 = -4*d. Suppose 0 = -d*x + 219 + 43. Is x a composite number?
False
Let u = 963 - 2206. Let m = -2237 - u. Is (-8)/(-14)*m/(-4) prime?
False
Let v(d) = 1172*d + 13. Is v(5) a composite number?
True
Let w = 41 - 24. Suppose -60 = -n + w. Is n prime?
False
Suppose 3*n + 3 + 2 = -5*y, y + 18 = -4*n. Let c(z) = -5*z + 1 + 3*z**y - 1 + 5. Is c(4) a prime number?
False
Is (-2 - (-6144)/60)*410/4 composite?
True
Suppose b - 9 = 4*b, 0 = 5*l - 4*b - 17. Let t be (-39 + 18)*(l - 221). Suppose -3*g = -5*r - 3433, 4*g - 8*g - 4*r + t = 0. Is g prime?
True
Let h = 7017 - 3068. Is h prime?
False
Let t(r) = 23*r + 16. Let a(h) = h**3 + 4*h**2 - 13*h + 5. Let b = -17 + 11. Let x be a(b). Is t(x) composite?
False
Let u = 4 - 0. Let o be (-24)/(-9)*27/u. Let w = o + -16. Is w composite?
False
Let z = -8489 - -18756. Is z a composite number?
False
Is (911050/18)/5 + (-76)/(-342) a composite number?
True
Let j = -9 + 19. Let y be ((-4)/10)/((-2)/j). Suppose y*n + u - 249 = 6*u, 2*n - 2*u = 252. Is n a prime number?
True
Let p(x) = 54*x**3 - 3*x**2 + 9*x + 1. Let r be p(-5). Let g = -4900 - r. Is g a composite number?
True
Suppose 0 = -2*t + z + 19172, 8*z - 7*z = t - 9585. Is t a composite number?
False
Let j be (4/6)/(15/(-135)). Let b be (585/10)/((-3)/(-20)). Is (26/(-10))/(j/b) prime?
False
Let o = -56 - -56. Let t = -12 - -3. Is (447 - o)*(-3)/t a composite number?
False
Suppose -317 = -4*r + q + 615, 4*q + 16 = 0. Let p = r + 63. Is p a composite number?
True
Suppose -2 = 4*d - 22. Is d/((-10)/(-743))*2 prime?
True
Is -14*12/(-840) + (-25254)/(-5) prime?
True
Let i = 1165 + -608. Is i composite?
False
Let o = 2717 - 1888. Let f = o + -492. Is f prime?
True
Let a(i) be the third derivative of -i**6/120 + i**5/15 + i**4/4 - 5*i**3/3 - 10*i**2. Is a(4) a prime number?
False
Suppose -i + 62 = -187. Suppose 302 = 3*y + v - i, 0 = -y + 4*v + 175. Is y a composite number?
True
Suppose -2*r = 2*y - 14, -4 = -2*r - 0*y + 3*y. Let i(w) = w**3 - 2*w**2 + w - 1. Is i(r) prime?
True
Let x(h) = 68*h**3 - 3*h**2 + 2*h - 4. Let w be x(-3). Let u = -1316 - w. Is u a prime number?
True
Let d = 15370 - 8043. Is d composite?
True
Suppose 15*s - 31731 = -9516. Is s a prime number?
True
Let b(r) = -r**2 - 36*r - 52. Is b(-27) a composite number?
False
Let d be (-3)/7 + 31/7. Suppose d*t + 1593 + 2622 = 3*y, -4*y = -2*t - 5630. Is y co